7*y - 22. Let x be j(9). What is the tens digit of 2/x*-38*(-133)/(-7)?
6
Let b be 3/2 + (-18)/4. Let q be -23 - ((-6)/b + -5). Let i(a) = -2*a - 22. What is the tens digit of i(q)?
1
Let x = -3867 - -22214. What is the ten thousands digit of x?
1
Suppose -80*g + 580909 + 61357 = -520134. What is the ten thousands digit of g?
1
Let t(h) = 62*h**2 + h + 1. Let a be t(-1). Suppose -2*q - 2*q - 334 + 346 = 0. Suppose 211 = q*y - a. What is the units digit of y?
1
Let d be (375 - 0/(8/(-4))) + -4. What is the hundreds digit of d*((2 - 0) + -1)?
3
Let g = 98 - 122. Let o(u) = 4*u**2 + 80*u - 41. What is the units digit of o(g)?
3
Let h(k) = k**3 - 12*k**2 - 9*k + 20. Let j be h(-9). Let f = j - -2385. Suppose -63*i = -58*i - f. What is the hundreds digit of i?
1
Let u = 79492 - 42965. What is the hundreds digit of u?
5
Let a = 71 - 16. Suppose -1453 = -j - y, -1450 = -j + a*y - 53*y. What is the units digit of j?
2
Let b be 2/(((-2)/1)/(-82)). Suppose -g + 2*z = 34, 102 + 4 = -3*g + 2*z. Let u = g + b. What is the tens digit of u?
4
Let j = -201 + 201. Suppose j = -13*t + 4975 + 1083. What is the tens digit of t?
6
What is the units digit of ((-241)/(-2))/((-31)/(-868))?
4
Suppose -9*n - 17*n = -215751 - 520465. What is the tens digit of n?
1
Let f = 171 - 281. Let t be 1 + f*6/(-4). Let h = -102 + t. What is the units digit of h?
4
Let l(t) = 36*t**2 - 5*t - 3. Let k be l(3). Suppose -23*j - k = -26*j. What is the units digit of (0 + 2)*(2 + j/2)?
6
Let u = 35 + -43. What is the tens digit of (8/(-4))/u*6116/11?
3
Suppose -9*c = -5*i - 11*c + 175525, -2*c = -7*i + 245735. What is the units digit of i?
5
Let j = 21899 + -2992. What is the ten thousands digit of j?
1
Suppose -b + 9*b + 2128 = 0. Let m = b - -404. What is the units digit of m?
8
Let b be (-1)/(3 + 3876/(-1290)). What is the hundreds digit of b - -2*(-12)/(-8)?
2
Suppose 33*n - 29*n - 4*z - 4984 = 0, -3*n - 3*z = -3750. Suppose 4*w - 912 - n = 4*l, l = 1. What is the hundreds digit of w?
5
Let z(t) = -22*t**3 + 2*t**2 - 18*t - 14. What is the hundreds digit of z(-7)?
7
Let m = 42 - 161. Let o = m + 197. Suppose 0*g = i - 3*g - 17, -5*g = 2*i - o. What is the units digit of i?
9
Let k = 5539 + -3630. What is the units digit of k?
9
Let a(t) = -t**3 + 2*t**2 - 3*t + 1. Let y be a(5). Let h = 33 + y. What is the tens digit of -40*4/h*7?
2
Suppose -45*j - 42*j = -2910846. What is the ten thousands digit of j?
3
What is the ten thousands digit of ((-14309400)/(-360))/(28/24)?
3
Let t(l) be the second derivative of 39/2*l**2 - 9*l + 0 + 1/6*l**3. What is the tens digit of t(0)?
3
Suppose -3*r + 15 = 0, -8*r + 11*r = 2*i - 34593. What is the hundreds digit of i?
3
Suppose -23*c + 7*c - 429563 = -1440747. What is the units digit of c?
9
Let x(i) = -23620*i + 2138. What is the hundreds digit of x(-1)?
7
Let d(n) = -12*n**3 - 56*n**2 + 49*n - 67. What is the thousands digit of d(-21)?
5
What is the hundreds digit of -2 + 3 + (-9)/7 + (-799500)/(-105)?
6
What is the tens digit of (-3701)/(-1) - (-172 - -160)?
1
Let x(v) = 21*v**2 + 3. Let t be x(-2). Let c = 42 + t. What is the units digit of c?
9
Let s = 11 - 21. Let m be (-1)/1 + 1 - (s - -2). Suppose -6*p - 76 = -m*p. What is the units digit of p?
8
What is the units digit of -14*2/77 + (-68215)/(-11)?
1
Let h(r) = -13*r**2 - 2*r - 1. Let v be h(-1). Let s(c) be the second derivative of -5*c**3/2 + 33*c**2/2 + 2793*c. What is the units digit of s(v)?
3
Suppose 25*m - 68 = 32. Suppose 264 + 871 = 5*w + 2*x, 5*x - 908 = -m*w. What is the tens digit of w?
2
Suppose -1491 + 1858 = -q + 4681. What is the units digit of q?
4
Let x(o) = -3*o**2 - 31*o + 98. Let z(j) = 5*j**2 + 60*j - 195. Let u(v) = -11*x(v) - 6*z(v). What is the hundreds digit of u(28)?
9
Suppose -5*d + 41*w = 45*w - 56846, -4*w = -5*d + 56854. What is the tens digit of d?
7
Suppose 0 = -5*p - 4 - 26. Let b be (-1 - 10/p)/(37/7548). Let c = b + -49. What is the units digit of c?
7
Let f be ((-1411)/2)/(((-10)/4)/(-5)). Let i = f + 2269. What is the hundreds digit of i?
8
Let s(o) = -21*o + 46. Let r be s(2). Suppose 5*j - 3275 = d, -27*j - r*d + 3250 = -22*j. What is the tens digit of j?
5
Let x(n) = -17*n - 3*n**2 - 250*n**3 - 46 + 249*n**3 - 13*n**2. What is the hundreds digit of x(-16)?
2
Suppose -6*c = -4*c + 90. Let d = -47 - c. What is the tens digit of 27 + 6 - (-6 - d)?
3
Let v = -3667 + 9564. What is the hundreds digit of v?
8
Let o = -32 - -52. Let q be ((-27)/(-5) - 5)/(2/o). Suppose 0 = -q*h - 4*i + 232, -2*h - 2*i = 3*h - 305. What is the units digit of h?
3
Let d(r) = -5*r - 16*r**2 + 17*r**2 + 5 + r - 15. What is the tens digit of d(20)?
1
Let a(s) = s**3 + 11*s**2 - 13*s - 9. Let v be a(-12). Suppose -7*w + 3*o - 9 = -3*w, 0 = v*w - 3*o + 3. What is the tens digit of (-2)/w - 816/(-9)?
9
Suppose 0 = -24*v + 14820 + 179988. What is the tens digit of v?
1
Suppose -2*c = 3*g - 11610, 0 = -2*g + 26*c - 28*c + 7740. What is the units digit of g?
0
Let i(l) = 211*l**2 - 62*l + 254. What is the thousands digit of i(4)?
3
Let d = 238 - 141. Suppose -45*w + 49*w - 248 = 0. Let x = d - w. What is the tens digit of x?
3
Suppose -2*r + 78 = 4*r. Suppose -4*t + 3 = -r. What is the tens digit of t/(-14) - (-1043)/49?
2
Suppose 6 = 4*z - 2*z, -2*k + 218 = 2*z. Let y = k - -137. What is the tens digit of y?
4
Suppose 4*f = -5*z + 8, -3*z - 5*f = -2*z + 11. Let w = -27 + 99. Suppose -4*h - 161 - w = -3*x, z*h + 150 = 2*x. What is the tens digit of x?
8
Suppose -5*j = 2*u - 23 + 14, 0 = 2*u + 2*j + 6. What is the tens digit of (-31452)/(-36) - u/6?
7
Suppose 0 = -26*f + 701583 - 499040 + 1700189. What is the thousands digit of f?
3
Suppose -33*b + 99513 = 11964. What is the tens digit of b?
5
Suppose 0 = -5*g + 2188 + 1417. Suppose j + g = 8*j. What is the hundreds digit of j?
1
Suppose -2*y + 13574 = 4*a - 39474, -3*y - 5*a = -79576. What is the tens digit of y?
3
Let m = -15673 + 39617. What is the thousands digit of m?
3
What is the hundreds digit of (-1 + 7/(-3))*727935/(-325)?
4
Suppose 303*g - 291*g + 216 = 0. Let x(j) = -30*j - 275. What is the tens digit of x(g)?
6
Let k = -13 + 62. Let x = k + -53. What is the tens digit of 1/(-4) - (-4 + 217/x)?
5
Suppose y + 3*i = 642, -y - i + 644 = 4*i. What is the units digit of y?
9
Let f be 42460/120 - (-2)/12. Suppose -f = 3*n - 1041. What is the tens digit of n?
2
What is the units digit of (-88516)/(-14) + (-250)/(-175)?
4
Let n = 412 + -165. Suppose -3*u - 2*u = -25, -u - n = -2*z. Let t = 199 - z. What is the tens digit of t?
7
Suppose -7*t + 9*t - 18 = 0. Suppose 2*j - t*j + 91 = 0. Suppose 486 = j*d - 4*d. What is the units digit of d?
4
Let g(v) = -v**3 + 15*v**2 + 16*v + 18. Let a be g(16). Suppose -m = 2, 4*s - m = 2*m + a. Suppose s = 5*t - 372. What is the units digit of t?
5
Let g(c) = -932*c**3 + 33*c + 30. What is the hundreds digit of g(-4)?
5
Let b(v) = -76*v - 355. What is the hundreds digit of b(-23)?
3
Let p(f) = -5*f + 30. Let w(d) = -d**3 + 22*d**2 - d + 22. Let z be w(22). Suppose z = 11*n + 143 - 0. What is the tens digit of p(n)?
9
Let g = -333 + 1175. Suppose 3*h - r = g + 1143, -635 = -h - 5*r. What is the tens digit of h?
6
Let l(f) = -9*f - 30. Let c be l(-6). Let k be c/(-8) - ((-1 - 7) + 1). Suppose -1729 = -k*g - 9*g. What is the hundreds digit of g?
1
Let h(q) = -q**3 - 132*q**2 - 56*q + 886. What is the units digit of h(-132)?
8
Suppose -3*p = -540*u + 545*u - 35820, 3*u = 9. What is the units digit of p?
5
Let j(n) = 10*n + 4. Let u be j(1). Suppose -u*w = -4*w + 10. What is the units digit of w/4 - (-2005)/(-60)*-3?
0
Suppose 2*b - 50853 = -4*z - 7815, b - z = 21510. What is the hundreds digit of b?
5
Suppose 197*u + 3*k = 193*u + 118866, u - 29682 = 5*k. What is the hundreds digit of u?
7
Suppose 5*i + 168 = 4*o, 44 = -5*o + 3*i + 254. Let y be 28/o*1/2*3. What is the tens digit of (y - -2)*-1 + -1 + 95?
9
Let o be 0 + 0 + 8 + -7 + 15. Suppose 4*z = -o, 14 = 5*t - 5*z - 6. Suppose t*p - 728 = -7*p. What is the tens digit of p?
0
Let k(i) = -2*i**3 - 2*i**2 + 11*i - 5. Suppose 0 = -2*r - 25 + 17. What is the units digit of k(r)?
7
Suppose 5*l + 15397 = 4*y, 142*l - 145*l = -4*y + 15411. What is the units digit of y?
8
Suppose 661*d - 1877669 = 6537607 - 780726. What is the units digit of d?
0
S